r when 243 is divided by 4.
3
What is the remainder when 1673 is divided by 27?
26
What is the remainder when 6135 is divided by 37?
30
What is the remainder when 220 is divided by 67?
19
What is the remainder when 161 is divided by 42?
35
What is the remainder when 456 is divided by 17?
14
What is the remainder when 24 is divided by 19?
5
What is the remainder when 299 is divided by 60?
59
What is the remainder when 2939 is divided by 210?
209
Calculate the remainder when 1399 is divided by 40.
39
What is the remainder when 9124 is divided by 14?
10
Calculate the remainder when 2017 is divided by 10.
7
What is the remainder when 537 is divided by 131?
13
Calculate the remainder when 31 is divided by 18.
13
Calculate the remainder when 724 is divided by 104.
100
What is the remainder when 111 is divided by 46?
19
What is the remainder when 20178 is divided by 4?
2
What is the remainder when 309 is divided by 52?
49
Calculate the remainder when 217 is divided by 113.
104
What is the remainder when 42 is divided by 14?
0
What is the remainder when 111 is divided by 8?
7
What is the remainder when 383 is divided by 55?
53
What is the remainder when 262 is divided by 6?
4
What is the remainder when 250 is divided by 24?
10
Calculate the remainder when 307 is divided by 27.
10
Calculate the remainder when 82 is divided by 16.
2
Calculate the remainder when 101 is divided by 27.
20
What is the remainder when 454 is divided by 178?
98
What is the remainder when 18257 is divided by 20?
17
What is the remainder when 187 is divided by 64?
59
Calculate the remainder when 964 is divided by 40.
4
Calculate the remainder when 1402 is divided by 21.
16
Calculate the remainder when 4655 is divided by 53.
44
Calculate the remainder when 194 is divided by 36.
14
Calculate the remainder when 204 is divided by 9.
6
What is the remainder when 759 is divided by 95?
94
What is the remainder when 712 is divided by 5?
2
Calculate the remainder when 78 is divided by 23.
9
What is the remainder when 3307 is divided by 23?
18
Calculate the remainder when 623 is divided by 53.
40
What is the remainder when 1170 is divided by 69?
66
What is the remainder when 143 is divided by 30?
23
What is the remainder when 224 is divided by 76?
72
What is the remainder when 167 is divided by 34?
31
Calculate the remainder when 91 is divided by 8.
3
What is the remainder when 755 is divided by 21?
20
Calculate the remainder when 47 is divided by 26.
21
Calculate the remainder when 4156 is divided by 207.
16
What is the remainder when 295 is divided by 50?
45
What is the remainder when 971 is divided by 257?
200
What is the remainder when 13472 is divided by 77?
74
Calculate the remainder when 115 is divided by 24.
19
Calculate the remainder when 242 is divided by 42.
32
What is the remainder when 815 is divided by 118?
107
Calculate the remainder when 6495 is divided by 56.
55
What is the remainder when 227 is divided by 102?
23
Calculate the remainder when 280 is divided by 47.
45
Calculate the remainder when 1880 is divided by 1852.
28
What is the remainder when 280 is divided by 98?
84
Calculate the remainder when 69 is divided by 38.
31
What is the remainder when 247 is divided by 14?
9
Calculate the remainder when 1130 is divided by 69.
26
What is the remainder when 587 is divided by 49?
48
Calculate the remainder when 151 is divided by 33.
19
Calculate the remainder when 184 is divided by 8.
0
Calculate the remainder when 1686 is divided by 27.
12
What is the remainder when 11685 is divided by 35?
30
Calculate the remainder when 618 is divided by 62.
60
Calculate the remainder when 198 is divided by 15.
3
What is the remainder when 5092 is divided by 18?
16
What is the remainder when 434 is divided by 90?
74
What is the remainder when 155 is divided by 58?
39
What is the remainder when 891 is divided by 42?
9
Calculate the remainder when 246 is divided by 13.
12
What is the remainder when 171 is divided by 30?
21
What is the remainder when 355 is divided by 53?
37
Calculate the remainder when 1203 is divided by 525.
153
Calculate the remainder when 103 is divided by 15.
13
Calculate the remainder when 2259 is divided by 31.
27
Calculate the remainder when 3469 is divided by 22.
15
What is the remainder when 325 is divided by 110?
105
What is the remainder when 23 is divided by 21?
2
What is the remainder when 1215 is divided by 42?
39
What is the remainder when 92 is divided by 27?
11
What is the remainder when 245 is divided by 36?
29
Calculate the remainder when 1035 is divided by 175.
160
What is the remainder when 4680 is divided by 934?
10
Calculate the remainder when 258 is divided by 51.
3
Calculate the remainder when 370 is divided by 62.
60
What is the remainder when 5697 is divided by 95?
92
Calculate the remainder when 201 is divided by 53.
42
What is the remainder when 678 is divided by 135?
3
Calculate the remainder when 76 is divided by 10.
6
What is the remainder when 371 is divided by 75?
71
What is the remainder when 13308 is divided by 17?
14
Calculate the remainder when 523 is divided by 51.
13
Calculate the remainder when 337 is divided by 11.
7
What is the remainder when 458 is divided by 23?
21
Calculate the remainder when 525 is divided by 88.
85
Calculate the remainder when 127 is divided by 51.
25
Calculate the remainder when 1125 is divided by 152.
61
What is the remainder when 440 is divided by 56?
48
Calculate the remainder when 752 is divided by 3.
2
Calculate the remainder when 333 is divided by 150.
33
Calculate the remainder when 613 is divided by 124.
117
What is the remainder when 878 is divided by 232?
182
Calculate the remainder when 67 is divided by 17.
16
What is the remainder when 1217 is divided by 10?
7
What is the remainder when 1271 is divided by 26?
23
What is the remainder when 164 is divided by 69?
26
What is the remainder when 424 is divided by 388?
36
Calculate the remainder when 220 is divided by 80.
60
Calculate the remainder when 343 is divided by 108.
19
What is the remainder when 661 is divided by 35?
31
Calculate the remainder when 294 is divided by 76.
66
Calculate the remainder when 557 is divided by 64.
45
What is the remainder when 57 is divided by 22?
13
What is the remainder when 340 is divided by 70?
60
What is the remainder when 269 is divided by 93?
83
What is the remainder when 10188 is divided by 23?
22
Calculate the remainder when 75 is divided by 21.
12
What is the remainder when 290 is divided by 37?
31
What is the remainder when 4820 is divided by 1204?
4
Calculate the remainder when 244 is divided by 22.
2
Calculate the remainder when 1903 is divided by 68.
67
Calculate the remainder when 215 is divided by 18.
17
Calculate the remainder when 325 is divided by 303.
22
What is the remainder when 49 is divided by 32?
17
Calculate the remainder when 163 is divided by 71.
21
What is the remainder when 1013 is divided by 73?
64
What is the remainder when 29 is divided by 2?
1
Calculate the remainder when 225 is divided by 25.
0
Calculate the remainder when 141 is divided by 40.
21
Calculate the remainder when 939 is divided by 41.
37
Calculate the remainder when 2182 is divided by 2175.
7
What is the remainder when 197 is divided by 66?
65
What is the remainder when 107 is divided by 40?
27
What is the remainder when 661 is divided by 24?
13
What is the remainder when 577 is divided by 11?
5
What is the remainder when 10964 is divided by 10?
4
What is the remainder when 363 is divided by 48?
27
What is the remainder when 311 is divided by 12?
11
What is the remainder when 144 is divided by 30?
24
Calculate the remainder when 404 is divided by 24.
20
Calculate the remainder when 121 is divided by 17.
2
What is the remainder when 674 is divided by 26?
24
What is the remainder when 1213 is divided by 16?
13
What is the remainder when 317 is divided by 29?
27
What is the remainder when 426 is divided by 61?
60
Calculate the remainder when 15826 is divided by 49.
48
Calculate the remainder when 72 is divided by 39.
33
What is the remainder when 551 is divided by 24?
23
What is the remainder when 581 is divided by 37?
26
Calculate the remainder when 1963 is divided by 15.
13
Calculate the remainder when 260 is divided 